{"id":2841,"date":"2025-01-15T20:12:19","date_gmt":"2025-01-15T19:12:19","guid":{"rendered":"http:\/\/esbartciutatcomtal.cat\/wp-content\/uploads\/2025\/01\/4.png"},"modified":"2025-01-15T20:12:19","modified_gmt":"2025-01-15T19:12:19","slug":"4-3","status":"inherit","type":"attachment","link":"https:\/\/esbartciutatcomtal.cat\/index.php\/noticies\/esbartjo-2024\/attachment\/4-3\/#main","title":{"rendered":"4"},"author":1,"comment_status":"open","ping_status":"closed","template":"","meta":{"ngg_post_thumbnail":0},"yoast_head":"<!-- This site is optimized with the Yoast SEO plugin v17.6 - https:\/\/yoast.com\/wordpress\/plugins\/seo\/ -->\n<title>4 - Esbart Ciutat Comtal<\/title>\n<meta name=\"robots\" content=\"index, follow, max-snippet:-1, max-image-preview:large, max-video-preview:-1\" \/>\n<link rel=\"canonical\" href=\"http:\/\/esbartciutatcomtal.cat\/wp-content\/uploads\/2025\/01\/4.png\" \/>\n<meta property=\"og:locale\" content=\"ca_ES\" \/>\n<meta property=\"og:type\" content=\"article\" \/>\n<meta property=\"og:title\" content=\"4 - Esbart Ciutat Comtal\" \/>\n<meta property=\"og:url\" content=\"http:\/\/esbartciutatcomtal.cat\/wp-content\/uploads\/2025\/01\/4.png\" \/>\n<meta property=\"og:site_name\" content=\"Esbart Ciutat Comtal\" \/>\n<meta property=\"article:publisher\" content=\"https:\/\/www.facebook.com\/esbartciutatcomtal\/\" \/>\n<meta property=\"og:image\" content=\"https:\/\/esbartciutatcomtal.cat\/wp-content\/uploads\/2025\/01\/4.png\" \/>\n\t<meta property=\"og:image:width\" content=\"1080\" \/>\n\t<meta property=\"og:image:height\" content=\"1080\" \/>\n<meta name=\"twitter:card\" content=\"summary\" \/>\n<meta name=\"twitter:site\" content=\"@esbartciutatcom\" \/>\n<script type=\"application\/ld+json\" class=\"yoast-schema-graph\">{\"@context\":\"https:\/\/schema.org\",\"@graph\":[{\"@type\":\"Organization\",\"@id\":\"https:\/\/esbartciutatcomtal.cat\/#organization\",\"name\":\"Esbart Ciutat Comtal\",\"url\":\"https:\/\/esbartciutatcomtal.cat\/\",\"sameAs\":[\"https:\/\/www.facebook.com\/esbartciutatcomtal\/\",\"https:\/\/www.instagram.com\/esbartciutatcom\/\",\"https:\/\/www.youtube.com\/user\/eciutatcomtal\",\"https:\/\/twitter.com\/esbartciutatcom\"],\"logo\":{\"@type\":\"ImageObject\",\"@id\":\"https:\/\/esbartciutatcomtal.cat\/#logo\",\"inLanguage\":\"ca\",\"url\":\"https:\/\/esbartciutatcomtal.cat\/wp-content\/uploads\/2015\/05\/ECClogo.png\",\"contentUrl\":\"https:\/\/esbartciutatcomtal.cat\/wp-content\/uploads\/2015\/05\/ECClogo.png\",\"width\":300,\"height\":125,\"caption\":\"Esbart Ciutat Comtal\"},\"image\":{\"@id\":\"https:\/\/esbartciutatcomtal.cat\/#logo\"}},{\"@type\":\"WebSite\",\"@id\":\"https:\/\/esbartciutatcomtal.cat\/#website\",\"url\":\"https:\/\/esbartciutatcomtal.cat\/\",\"name\":\"Esbart Ciutat Comtal\",\"description\":\"\",\"publisher\":{\"@id\":\"https:\/\/esbartciutatcomtal.cat\/#organization\"},\"potentialAction\":[{\"@type\":\"SearchAction\",\"target\":{\"@type\":\"EntryPoint\",\"urlTemplate\":\"https:\/\/esbartciutatcomtal.cat\/?s={search_term_string}\"},\"query-input\":\"required name=search_term_string\"}],\"inLanguage\":\"ca\"},{\"@type\":\"WebPage\",\"@id\":\"http:\/\/esbartciutatcomtal.cat\/wp-content\/uploads\/2025\/01\/4.png#webpage\",\"url\":\"http:\/\/esbartciutatcomtal.cat\/wp-content\/uploads\/2025\/01\/4.png\",\"name\":\"4 - Esbart Ciutat Comtal\",\"isPartOf\":{\"@id\":\"https:\/\/esbartciutatcomtal.cat\/#website\"},\"datePublished\":\"2025-01-15T19:12:19+00:00\",\"dateModified\":\"2025-01-15T19:12:19+00:00\",\"breadcrumb\":{\"@id\":\"http:\/\/esbartciutatcomtal.cat\/wp-content\/uploads\/2025\/01\/4.png#breadcrumb\"},\"inLanguage\":\"ca\",\"potentialAction\":[{\"@type\":\"ReadAction\",\"target\":[\"http:\/\/esbartciutatcomtal.cat\/wp-content\/uploads\/2025\/01\/4.png\"]}]},{\"@type\":\"BreadcrumbList\",\"@id\":\"http:\/\/esbartciutatcomtal.cat\/wp-content\/uploads\/2025\/01\/4.png#breadcrumb\",\"itemListElement\":[{\"@type\":\"ListItem\",\"position\":1,\"name\":\"Inici\",\"item\":\"https:\/\/esbartciutatcomtal.cat\/\"},{\"@type\":\"ListItem\",\"position\":2,\"name\":\"Gr\\u00e0cies per un Esbartjo 2024 ple de m\\u00fasica, dansa i tradici\\u00f3!\",\"item\":\"https:\/\/esbartciutatcomtal.cat\/index.php\/noticies\/esbartjo-2024\/\"},{\"@type\":\"ListItem\",\"position\":3,\"name\":\"4\"}]}]}<\/script>\n<!-- \/ Yoast SEO plugin. -->","yoast_head_json":{"title":"4 - Esbart Ciutat Comtal","robots":{"index":"index","follow":"follow","max-snippet":"max-snippet:-1","max-image-preview":"max-image-preview:large","max-video-preview":"max-video-preview:-1"},"canonical":"http:\/\/esbartciutatcomtal.cat\/wp-content\/uploads\/2025\/01\/4.png","og_locale":"ca_ES","og_type":"article","og_title":"4 - Esbart Ciutat Comtal","og_url":"http:\/\/esbartciutatcomtal.cat\/wp-content\/uploads\/2025\/01\/4.png","og_site_name":"Esbart Ciutat Comtal","article_publisher":"https:\/\/www.facebook.com\/esbartciutatcomtal\/","og_image":[{"width":1080,"height":1080,"url":"https:\/\/esbartciutatcomtal.cat\/wp-content\/uploads\/2025\/01\/4.png","type":"image\/png"}],"twitter_card":"summary","twitter_site":"@esbartciutatcom","schema":{"@context":"https:\/\/schema.org","@graph":[{"@type":"Organization","@id":"https:\/\/esbartciutatcomtal.cat\/#organization","name":"Esbart Ciutat Comtal","url":"https:\/\/esbartciutatcomtal.cat\/","sameAs":["https:\/\/www.facebook.com\/esbartciutatcomtal\/","https:\/\/www.instagram.com\/esbartciutatcom\/","https:\/\/www.youtube.com\/user\/eciutatcomtal","https:\/\/twitter.com\/esbartciutatcom"],"logo":{"@type":"ImageObject","@id":"https:\/\/esbartciutatcomtal.cat\/#logo","inLanguage":"ca","url":"https:\/\/esbartciutatcomtal.cat\/wp-content\/uploads\/2015\/05\/ECClogo.png","contentUrl":"https:\/\/esbartciutatcomtal.cat\/wp-content\/uploads\/2015\/05\/ECClogo.png","width":300,"height":125,"caption":"Esbart Ciutat Comtal"},"image":{"@id":"https:\/\/esbartciutatcomtal.cat\/#logo"}},{"@type":"WebSite","@id":"https:\/\/esbartciutatcomtal.cat\/#website","url":"https:\/\/esbartciutatcomtal.cat\/","name":"Esbart Ciutat Comtal","description":"","publisher":{"@id":"https:\/\/esbartciutatcomtal.cat\/#organization"},"potentialAction":[{"@type":"SearchAction","target":{"@type":"EntryPoint","urlTemplate":"https:\/\/esbartciutatcomtal.cat\/?s={search_term_string}"},"query-input":"required name=search_term_string"}],"inLanguage":"ca"},{"@type":"WebPage","@id":"http:\/\/esbartciutatcomtal.cat\/wp-content\/uploads\/2025\/01\/4.png#webpage","url":"http:\/\/esbartciutatcomtal.cat\/wp-content\/uploads\/2025\/01\/4.png","name":"4 - Esbart Ciutat Comtal","isPartOf":{"@id":"https:\/\/esbartciutatcomtal.cat\/#website"},"datePublished":"2025-01-15T19:12:19+00:00","dateModified":"2025-01-15T19:12:19+00:00","breadcrumb":{"@id":"http:\/\/esbartciutatcomtal.cat\/wp-content\/uploads\/2025\/01\/4.png#breadcrumb"},"inLanguage":"ca","potentialAction":[{"@type":"ReadAction","target":["http:\/\/esbartciutatcomtal.cat\/wp-content\/uploads\/2025\/01\/4.png"]}]},{"@type":"BreadcrumbList","@id":"http:\/\/esbartciutatcomtal.cat\/wp-content\/uploads\/2025\/01\/4.png#breadcrumb","itemListElement":[{"@type":"ListItem","position":1,"name":"Inici","item":"https:\/\/esbartciutatcomtal.cat\/"},{"@type":"ListItem","position":2,"name":"Gr\u00e0cies per un Esbartjo 2024 ple de m\u00fasica, dansa i tradici\u00f3!","item":"https:\/\/esbartciutatcomtal.cat\/index.php\/noticies\/esbartjo-2024\/"},{"@type":"ListItem","position":3,"name":"4"}]}]}},"description":{"rendered":"<p class=\"attachment\"><a href='https:\/\/esbartciutatcomtal.cat\/wp-content\/uploads\/2025\/01\/4.png'><img width=\"300\" height=\"300\" src=\"https:\/\/esbartciutatcomtal.cat\/wp-content\/uploads\/2025\/01\/4-300x300.png\" class=\"attachment-medium size-medium\" alt=\"\" loading=\"lazy\" srcset=\"https:\/\/esbartciutatcomtal.cat\/wp-content\/uploads\/2025\/01\/4-300x300.png 300w, https:\/\/esbartciutatcomtal.cat\/wp-content\/uploads\/2025\/01\/4-1024x1024.png 1024w, https:\/\/esbartciutatcomtal.cat\/wp-content\/uploads\/2025\/01\/4-150x150.png 150w, https:\/\/esbartciutatcomtal.cat\/wp-content\/uploads\/2025\/01\/4-768x768.png 768w, https:\/\/esbartciutatcomtal.cat\/wp-content\/uploads\/2025\/01\/4-45x45.png 45w, https:\/\/esbartciutatcomtal.cat\/wp-content\/uploads\/2025\/01\/4.png 1080w\" sizes=\"(max-width: 300px) 100vw, 300px\" \/><\/a><\/p>\n"},"caption":{"rendered":""},"alt_text":"","media_type":"image","mime_type":"image\/png","media_details":{"width":1080,"height":1080,"file":"2025\/01\/4.png","sizes":{"medium":{"file":"4-300x300.png","width":300,"height":300,"mime_type":"image\/png","source_url":"https:\/\/esbartciutatcomtal.cat\/wp-content\/uploads\/2025\/01\/4-300x300.png"},"large":{"file":"4-1024x1024.png","width":1024,"height":1024,"mime_type":"image\/png","source_url":"https:\/\/esbartciutatcomtal.cat\/wp-content\/uploads\/2025\/01\/4-1024x1024.png"},"thumbnail":{"file":"4-150x150.png","width":150,"height":150,"mime_type":"image\/png","source_url":"https:\/\/esbartciutatcomtal.cat\/wp-content\/uploads\/2025\/01\/4-150x150.png"},"medium_large":{"file":"4-768x768.png","width":768,"height":768,"mime_type":"image\/png","source_url":"https:\/\/esbartciutatcomtal.cat\/wp-content\/uploads\/2025\/01\/4-768x768.png"},"post-thumbnail":{"file":"4-720x380.png","width":720,"height":380,"mime_type":"image\/png","source_url":"https:\/\/esbartciutatcomtal.cat\/wp-content\/uploads\/2025\/01\/4-720x380.png"},"vantage-thumbnail-no-sidebar":{"file":"4-1080x380.png","width":1080,"height":380,"mime_type":"image\/png","source_url":"https:\/\/esbartciutatcomtal.cat\/wp-content\/uploads\/2025\/01\/4-1080x380.png"},"vantage-slide":{"file":"4-960x480.png","width":960,"height":480,"mime_type":"image\/png","source_url":"https:\/\/esbartciutatcomtal.cat\/wp-content\/uploads\/2025\/01\/4-960x480.png"},"vantage-carousel":{"file":"4-272x182.png","width":272,"height":182,"mime_type":"image\/png","source_url":"https:\/\/esbartciutatcomtal.cat\/wp-content\/uploads\/2025\/01\/4-272x182.png"},"vantage-grid-loop":{"file":"4-436x272.png","width":436,"height":272,"mime_type":"image\/png","source_url":"https:\/\/esbartciutatcomtal.cat\/wp-content\/uploads\/2025\/01\/4-436x272.png"},"rpwe-thumbnail":{"file":"4-45x45.png","width":45,"height":45,"mime_type":"image\/png","source_url":"https:\/\/esbartciutatcomtal.cat\/wp-content\/uploads\/2025\/01\/4-45x45.png"},"sow-carousel-default":{"file":"4-272x182.png","width":272,"height":182,"mime_type":"image\/png","source_url":"https:\/\/esbartciutatcomtal.cat\/wp-content\/uploads\/2025\/01\/4-272x182.png"},"full":{"file":"4.png","width":1080,"height":1080,"mime_type":"image\/png","source_url":"https:\/\/esbartciutatcomtal.cat\/wp-content\/uploads\/2025\/01\/4.png"}},"image_meta":{"aperture":"0","credit":"","camera":"","caption":"","created_timestamp":"0","copyright":"","focal_length":"0","iso":"0","shutter_speed":"0","title":"","orientation":"0","keywords":[]}},"post":2835,"source_url":"https:\/\/esbartciutatcomtal.cat\/wp-content\/uploads\/2025\/01\/4.png","_links":{"self":[{"href":"https:\/\/esbartciutatcomtal.cat\/index.php\/wp-json\/wp\/v2\/media\/2841"}],"collection":[{"href":"https:\/\/esbartciutatcomtal.cat\/index.php\/wp-json\/wp\/v2\/media"}],"about":[{"href":"https:\/\/esbartciutatcomtal.cat\/index.php\/wp-json\/wp\/v2\/types\/attachment"}],"author":[{"embeddable":true,"href":"https:\/\/esbartciutatcomtal.cat\/index.php\/wp-json\/wp\/v2\/users\/1"}],"replies":[{"embeddable":true,"href":"https:\/\/esbartciutatcomtal.cat\/index.php\/wp-json\/wp\/v2\/comments?post=2841"}]}}

Gràcies per un Esbartjo 2024 ple de música, dansa i tradició!
