{"id":320,"date":"2015-03-04T18:50:22","date_gmt":"2015-03-04T17:50:22","guid":{"rendered":"http:\/\/esbartciutatcomtal.cat\/wp-content\/uploads\/2015\/03\/2013-02-16-051-Eul\u00e0lia-e1427464768211.jpg"},"modified":"2015-03-04T18:50:22","modified_gmt":"2015-03-04T17:50:22","slug":"2013-02-16-051-eulalia","status":"inherit","type":"attachment","link":"https:\/\/esbartciutatcomtal.cat\/index.php\/noticies\/exit-de-public-a-eulalia\/attachment\/2013-02-16-051-eulalia\/#main","title":{"rendered":"2013-02-16 &#8211; 051 -Eul\u00e0lia"},"author":1,"comment_status":"open","ping_status":"open","template":"","meta":{"ngg_post_thumbnail":0},"yoast_head":"<!-- This site is optimized with the Yoast SEO plugin v17.6 - https:\/\/yoast.com\/wordpress\/plugins\/seo\/ -->\n<title>2013-02-16 - 051 -Eul\u00e0lia - Esbart Ciutat Comtal<\/title>\n<meta name=\"robots\" content=\"index, follow, max-snippet:-1, max-image-preview:large, max-video-preview:-1\" \/>\n<link rel=\"canonical\" href=\"https:\/\/esbartciutatcomtal.cat\/wp-content\/uploads\/2015\/03\/2013-02-16-051-Eul\u00e0lia-e1427464768211.jpg\" \/>\n<meta property=\"og:locale\" content=\"ca_ES\" \/>\n<meta property=\"og:type\" content=\"article\" \/>\n<meta property=\"og:title\" content=\"2013-02-16 - 051 -Eul\u00e0lia - Esbart Ciutat Comtal\" \/>\n<meta property=\"og:url\" content=\"https:\/\/esbartciutatcomtal.cat\/wp-content\/uploads\/2015\/03\/2013-02-16-051-Eul\u00e0lia-e1427464768211.jpg\" \/>\n<meta property=\"og:site_name\" content=\"Esbart Ciutat Comtal\" \/>\n<meta property=\"article:publisher\" content=\"https:\/\/www.facebook.com\/esbartciutatcomtal\/\" \/>\n<meta property=\"og:image\" content=\"https:\/\/esbartciutatcomtal.cat\/wp-content\/uploads\/2015\/03\/2013-02-16-051-Eul\u00e0lia-e1427464768211.jpg\" \/>\n\t<meta property=\"og:image:width\" content=\"534\" \/>\n\t<meta property=\"og:image:height\" content=\"534\" \/>\n<meta name=\"twitter:card\" content=\"summary\" \/>\n<meta name=\"twitter:site\" content=\"@esbartciutatcom\" \/>\n<script type=\"application\/ld+json\" class=\"yoast-schema-graph\">{\"@context\":\"https:\/\/schema.org\",\"@graph\":[{\"@type\":\"Organization\",\"@id\":\"https:\/\/esbartciutatcomtal.cat\/#organization\",\"name\":\"Esbart Ciutat Comtal\",\"url\":\"https:\/\/esbartciutatcomtal.cat\/\",\"sameAs\":[\"https:\/\/www.facebook.com\/esbartciutatcomtal\/\",\"https:\/\/www.instagram.com\/esbartciutatcom\/\",\"https:\/\/www.youtube.com\/user\/eciutatcomtal\",\"https:\/\/twitter.com\/esbartciutatcom\"],\"logo\":{\"@type\":\"ImageObject\",\"@id\":\"https:\/\/esbartciutatcomtal.cat\/#logo\",\"inLanguage\":\"ca\",\"url\":\"https:\/\/esbartciutatcomtal.cat\/wp-content\/uploads\/2015\/05\/ECClogo.png\",\"contentUrl\":\"https:\/\/esbartciutatcomtal.cat\/wp-content\/uploads\/2015\/05\/ECClogo.png\",\"width\":300,\"height\":125,\"caption\":\"Esbart Ciutat Comtal\"},\"image\":{\"@id\":\"https:\/\/esbartciutatcomtal.cat\/#logo\"}},{\"@type\":\"WebSite\",\"@id\":\"https:\/\/esbartciutatcomtal.cat\/#website\",\"url\":\"https:\/\/esbartciutatcomtal.cat\/\",\"name\":\"Esbart Ciutat Comtal\",\"description\":\"\",\"publisher\":{\"@id\":\"https:\/\/esbartciutatcomtal.cat\/#organization\"},\"potentialAction\":[{\"@type\":\"SearchAction\",\"target\":{\"@type\":\"EntryPoint\",\"urlTemplate\":\"https:\/\/esbartciutatcomtal.cat\/?s={search_term_string}\"},\"query-input\":\"required name=search_term_string\"}],\"inLanguage\":\"ca\"},{\"@type\":\"WebPage\",\"@id\":\"https:\/\/esbartciutatcomtal.cat\/wp-content\/uploads\/2015\/03\/2013-02-16-051-Eul\\u00e0lia-e1427464768211.jpg#webpage\",\"url\":\"https:\/\/esbartciutatcomtal.cat\/wp-content\/uploads\/2015\/03\/2013-02-16-051-Eul\\u00e0lia-e1427464768211.jpg\",\"name\":\"2013-02-16 - 051 -Eul\\u00e0lia - Esbart Ciutat Comtal\",\"isPartOf\":{\"@id\":\"https:\/\/esbartciutatcomtal.cat\/#website\"},\"datePublished\":\"2015-03-04T17:50:22+00:00\",\"dateModified\":\"2015-03-04T17:50:22+00:00\",\"breadcrumb\":{\"@id\":\"https:\/\/esbartciutatcomtal.cat\/wp-content\/uploads\/2015\/03\/2013-02-16-051-Eul\\u00e0lia-e1427464768211.jpg#breadcrumb\"},\"inLanguage\":\"ca\",\"potentialAction\":[{\"@type\":\"ReadAction\",\"target\":[\"https:\/\/esbartciutatcomtal.cat\/wp-content\/uploads\/2015\/03\/2013-02-16-051-Eul\\u00e0lia-e1427464768211.jpg\"]}]},{\"@type\":\"BreadcrumbList\",\"@id\":\"https:\/\/esbartciutatcomtal.cat\/wp-content\/uploads\/2015\/03\/2013-02-16-051-Eul\\u00e0lia-e1427464768211.jpg#breadcrumb\",\"itemListElement\":[{\"@type\":\"ListItem\",\"position\":1,\"name\":\"Inici\",\"item\":\"https:\/\/esbartciutatcomtal.cat\/\"},{\"@type\":\"ListItem\",\"position\":2,\"name\":\"\\u00c8xit de p\\u00fablic a EUL\\u00c0LIA\",\"item\":\"https:\/\/esbartciutatcomtal.cat\/index.php\/noticies\/exit-de-public-a-eulalia\/\"},{\"@type\":\"ListItem\",\"position\":3,\"name\":\"2013-02-16 &#8211; 051 -Eul\\u00e0lia\"}]}]}<\/script>\n<!-- \/ Yoast SEO plugin. -->","yoast_head_json":{"title":"2013-02-16 - 051 -Eul\u00e0lia - Esbart Ciutat Comtal","robots":{"index":"index","follow":"follow","max-snippet":"max-snippet:-1","max-image-preview":"max-image-preview:large","max-video-preview":"max-video-preview:-1"},"canonical":"https:\/\/esbartciutatcomtal.cat\/wp-content\/uploads\/2015\/03\/2013-02-16-051-Eul\u00e0lia-e1427464768211.jpg","og_locale":"ca_ES","og_type":"article","og_title":"2013-02-16 - 051 -Eul\u00e0lia - Esbart Ciutat Comtal","og_url":"https:\/\/esbartciutatcomtal.cat\/wp-content\/uploads\/2015\/03\/2013-02-16-051-Eul\u00e0lia-e1427464768211.jpg","og_site_name":"Esbart Ciutat Comtal","article_publisher":"https:\/\/www.facebook.com\/esbartciutatcomtal\/","og_image":[{"width":534,"height":534,"url":"https:\/\/esbartciutatcomtal.cat\/wp-content\/uploads\/2015\/03\/2013-02-16-051-Eul\u00e0lia-e1427464768211.jpg","type":"image\/jpeg"}],"twitter_card":"summary","twitter_site":"@esbartciutatcom","schema":{"@context":"https:\/\/schema.org","@graph":[{"@type":"Organization","@id":"https:\/\/esbartciutatcomtal.cat\/#organization","name":"Esbart Ciutat Comtal","url":"https:\/\/esbartciutatcomtal.cat\/","sameAs":["https:\/\/www.facebook.com\/esbartciutatcomtal\/","https:\/\/www.instagram.com\/esbartciutatcom\/","https:\/\/www.youtube.com\/user\/eciutatcomtal","https:\/\/twitter.com\/esbartciutatcom"],"logo":{"@type":"ImageObject","@id":"https:\/\/esbartciutatcomtal.cat\/#logo","inLanguage":"ca","url":"https:\/\/esbartciutatcomtal.cat\/wp-content\/uploads\/2015\/05\/ECClogo.png","contentUrl":"https:\/\/esbartciutatcomtal.cat\/wp-content\/uploads\/2015\/05\/ECClogo.png","width":300,"height":125,"caption":"Esbart Ciutat Comtal"},"image":{"@id":"https:\/\/esbartciutatcomtal.cat\/#logo"}},{"@type":"WebSite","@id":"https:\/\/esbartciutatcomtal.cat\/#website","url":"https:\/\/esbartciutatcomtal.cat\/","name":"Esbart Ciutat Comtal","description":"","publisher":{"@id":"https:\/\/esbartciutatcomtal.cat\/#organization"},"potentialAction":[{"@type":"SearchAction","target":{"@type":"EntryPoint","urlTemplate":"https:\/\/esbartciutatcomtal.cat\/?s={search_term_string}"},"query-input":"required name=search_term_string"}],"inLanguage":"ca"},{"@type":"WebPage","@id":"https:\/\/esbartciutatcomtal.cat\/wp-content\/uploads\/2015\/03\/2013-02-16-051-Eul\u00e0lia-e1427464768211.jpg#webpage","url":"https:\/\/esbartciutatcomtal.cat\/wp-content\/uploads\/2015\/03\/2013-02-16-051-Eul\u00e0lia-e1427464768211.jpg","name":"2013-02-16 - 051 -Eul\u00e0lia - Esbart Ciutat Comtal","isPartOf":{"@id":"https:\/\/esbartciutatcomtal.cat\/#website"},"datePublished":"2015-03-04T17:50:22+00:00","dateModified":"2015-03-04T17:50:22+00:00","breadcrumb":{"@id":"https:\/\/esbartciutatcomtal.cat\/wp-content\/uploads\/2015\/03\/2013-02-16-051-Eul\u00e0lia-e1427464768211.jpg#breadcrumb"},"inLanguage":"ca","potentialAction":[{"@type":"ReadAction","target":["https:\/\/esbartciutatcomtal.cat\/wp-content\/uploads\/2015\/03\/2013-02-16-051-Eul\u00e0lia-e1427464768211.jpg"]}]},{"@type":"BreadcrumbList","@id":"https:\/\/esbartciutatcomtal.cat\/wp-content\/uploads\/2015\/03\/2013-02-16-051-Eul\u00e0lia-e1427464768211.jpg#breadcrumb","itemListElement":[{"@type":"ListItem","position":1,"name":"Inici","item":"https:\/\/esbartciutatcomtal.cat\/"},{"@type":"ListItem","position":2,"name":"\u00c8xit de p\u00fablic a EUL\u00c0LIA","item":"https:\/\/esbartciutatcomtal.cat\/index.php\/noticies\/exit-de-public-a-eulalia\/"},{"@type":"ListItem","position":3,"name":"2013-02-16 &#8211; 051 -Eul\u00e0lia"}]}]}},"description":{"rendered":"<p class=\"attachment\"><a href='https:\/\/esbartciutatcomtal.cat\/wp-content\/uploads\/2015\/03\/2013-02-16-051-Eul\u00e0lia-e1427464768211.jpg'><img width=\"300\" height=\"300\" src=\"https:\/\/esbartciutatcomtal.cat\/wp-content\/uploads\/2015\/03\/2013-02-16-051-Eul\u00e0lia-e1427464768211-300x300.jpg\" class=\"attachment-medium size-medium\" alt=\"\" loading=\"lazy\" srcset=\"https:\/\/esbartciutatcomtal.cat\/wp-content\/uploads\/2015\/03\/2013-02-16-051-Eul\u00e0lia-e1427464768211-300x300.jpg 300w, https:\/\/esbartciutatcomtal.cat\/wp-content\/uploads\/2015\/03\/2013-02-16-051-Eul\u00e0lia-e1427464768211-150x150.jpg 150w, https:\/\/esbartciutatcomtal.cat\/wp-content\/uploads\/2015\/03\/2013-02-16-051-Eul\u00e0lia-e1427464768211.jpg 534w\" sizes=\"(max-width: 300px) 100vw, 300px\" \/><\/a><\/p>\n"},"caption":{"rendered":""},"alt_text":"","media_type":"image","mime_type":"image\/jpeg","media_details":{"width":534,"height":534,"file":"2015\/03\/2013-02-16-051-Eul\u00e0lia-e1427464768211.jpg","sizes":{"thumbnail":{"file":"2013-02-16-051-Eul\u00e0lia-e1427464768211-150x150.jpg","width":150,"height":150,"mime_type":"image\/jpeg","source_url":"https:\/\/esbartciutatcomtal.cat\/wp-content\/uploads\/2015\/03\/2013-02-16-051-Eul\u00e0lia-e1427464768211-150x150.jpg"},"medium":{"file":"2013-02-16-051-Eul\u00e0lia-e1427464768211-300x300.jpg","width":300,"height":300,"mime_type":"image\/jpeg","source_url":"https:\/\/esbartciutatcomtal.cat\/wp-content\/uploads\/2015\/03\/2013-02-16-051-Eul\u00e0lia-e1427464768211-300x300.jpg"},"post-thumbnail":{"file":"2013-02-16-051-Eul\u00e0lia-e1427464768211-534x510.jpg","width":534,"height":510,"mime_type":"image\/jpeg","source_url":"https:\/\/esbartciutatcomtal.cat\/wp-content\/uploads\/2015\/03\/2013-02-16-051-Eul\u00e0lia-e1427464768211-534x510.jpg"},"full":{"file":"2013-02-16-051-Eul\u00e0lia-e1427464768211.jpg","width":534,"height":534,"mime_type":"image\/jpeg","source_url":"https:\/\/esbartciutatcomtal.cat\/wp-content\/uploads\/2015\/03\/2013-02-16-051-Eul\u00e0lia-e1427464768211.jpg"}},"image_meta":{"aperture":0,"credit":"","camera":"","caption":"","created_timestamp":0,"copyright":"","focal_length":0,"iso":0,"shutter_speed":0,"title":"","orientation":0}},"post":318,"source_url":"https:\/\/esbartciutatcomtal.cat\/wp-content\/uploads\/2015\/03\/2013-02-16-051-Eul\u00e0lia-e1427464768211.jpg","_links":{"self":[{"href":"https:\/\/esbartciutatcomtal.cat\/index.php\/wp-json\/wp\/v2\/media\/320"}],"collection":[{"href":"https:\/\/esbartciutatcomtal.cat\/index.php\/wp-json\/wp\/v2\/media"}],"about":[{"href":"https:\/\/esbartciutatcomtal.cat\/index.php\/wp-json\/wp\/v2\/types\/attachment"}],"author":[{"embeddable":true,"href":"https:\/\/esbartciutatcomtal.cat\/index.php\/wp-json\/wp\/v2\/users\/1"}],"replies":[{"embeddable":true,"href":"https:\/\/esbartciutatcomtal.cat\/index.php\/wp-json\/wp\/v2\/comments?post=320"}]}}

http://esbartciutatcomtal.cat/wp-content/uploads/2015/03/2013-02-16-051-Eulàlia-e1427464768211.jpg

2013-02-16 &#8211; 051 -Eulàlia

<!-- This site is optimized with the Yoast SEO plugin v17.6 - https://yoast.com/wordpress/plugins/seo/ -->
<title>2013-02-16 - 051 -Eulàlia - Esbart Ciutat Comtal</title>
<meta name="robots" content="index, follow, max-snippet:-1, max-image-preview:large, max-video-preview:-1" />
<link rel="canonical" href="https://esbartciutatcomtal.cat/wp-content/uploads/2015/03/2013-02-16-051-Eulàlia-e1427464768211.jpg" />
<meta property="og:locale" content="ca_ES" />
<meta property="og:type" content="article" />
<meta property="og:title" content="2013-02-16 - 051 -Eulàlia - Esbart Ciutat Comtal" />
<meta property="og:url" content="https://esbartciutatcomtal.cat/wp-content/uploads/2015/03/2013-02-16-051-Eulàlia-e1427464768211.jpg" />
<meta property="og:site_name" content="Esbart Ciutat Comtal" />
<meta property="article:publisher" content="https://www.facebook.com/esbartciutatcomtal/" />
<meta property="og:image" content="https://esbartciutatcomtal.cat/wp-content/uploads/2015/03/2013-02-16-051-Eulàlia-e1427464768211.jpg" />
	<meta property="og:image:width" content="534" />
	<meta property="og:image:height" content="534" />
<meta name="twitter:card" content="summary" />
<meta name="twitter:site" content="@esbartciutatcom" />
<script type="application/ld+json" class="yoast-schema-graph">{"@context":"https://schema.org","@graph":[{"@type":"Organization","@id":"https://esbartciutatcomtal.cat/#organization","name":"Esbart Ciutat Comtal","url":"https://esbartciutatcomtal.cat/","sameAs":["https://www.facebook.com/esbartciutatcomtal/","https://www.instagram.com/esbartciutatcom/","https://www.youtube.com/user/eciutatcomtal","https://twitter.com/esbartciutatcom"],"logo":{"@type":"ImageObject","@id":"https://esbartciutatcomtal.cat/#logo","inLanguage":"ca","url":"https://esbartciutatcomtal.cat/wp-content/uploads/2015/05/ECClogo.png","contentUrl":"https://esbartciutatcomtal.cat/wp-content/uploads/2015/05/ECClogo.png","width":300,"height":125,"caption":"Esbart Ciutat Comtal"},"image":{"@id":"https://esbartciutatcomtal.cat/#logo"}},{"@type":"WebSite","@id":"https://esbartciutatcomtal.cat/#website","url":"https://esbartciutatcomtal.cat/","name":"Esbart Ciutat Comtal","description":"","publisher":{"@id":"https://esbartciutatcomtal.cat/#organization"},"potentialAction":[{"@type":"SearchAction","target":{"@type":"EntryPoint","urlTemplate":"https://esbartciutatcomtal.cat/?s={search_term_string}"},"query-input":"required name=search_term_string"}],"inLanguage":"ca"},{"@type":"WebPage","@id":"https://esbartciutatcomtal.cat/wp-content/uploads/2015/03/2013-02-16-051-Eul\u00e0lia-e1427464768211.jpg#webpage","url":"https://esbartciutatcomtal.cat/wp-content/uploads/2015/03/2013-02-16-051-Eul\u00e0lia-e1427464768211.jpg","name":"2013-02-16 - 051 -Eul\u00e0lia - Esbart Ciutat Comtal","isPartOf":{"@id":"https://esbartciutatcomtal.cat/#website"},"datePublished":"2015-03-04T17:50:22+00:00","dateModified":"2015-03-04T17:50:22+00:00","breadcrumb":{"@id":"https://esbartciutatcomtal.cat/wp-content/uploads/2015/03/2013-02-16-051-Eul\u00e0lia-e1427464768211.jpg#breadcrumb"},"inLanguage":"ca","potentialAction":[{"@type":"ReadAction","target":["https://esbartciutatcomtal.cat/wp-content/uploads/2015/03/2013-02-16-051-Eul\u00e0lia-e1427464768211.jpg"]}]},{"@type":"BreadcrumbList","@id":"https://esbartciutatcomtal.cat/wp-content/uploads/2015/03/2013-02-16-051-Eul\u00e0lia-e1427464768211.jpg#breadcrumb","itemListElement":[{"@type":"ListItem","position":1,"name":"Inici","item":"https://esbartciutatcomtal.cat/"},{"@type":"ListItem","position":2,"name":"\u00c8xit de p\u00fablic a EUL\u00c0LIA","item":"https://esbartciutatcomtal.cat/index.php/noticies/exit-de-public-a-eulalia/"},{"@type":"ListItem","position":3,"name":"2013-02-16 &#8211; 051 -Eul\u00e0lia"}]}]}</script>
<!-- / Yoast SEO plugin. -->

2013-02-16 - 051 -Eulàlia - Esbart Ciutat Comtal

https://esbartciutatcomtal.cat/wp-content/uploads/2015/03/2013-02-16-051-Eulàlia-e1427464768211.jpg

https://esbartciutatcomtal.cat/wp-content/uploads/2015/03/2013-02-16-051-Eulàlia-e1427464768211.jpg#webpage

https://esbartciutatcomtal.cat/wp-content/uploads/2015/03/2013-02-16-051-Eulàlia-e1427464768211.jpg#breadcrumb

Èxit de públic a EULÀLIA

<p class="attachment"><a href='https://esbartciutatcomtal.cat/wp-content/uploads/2015/03/2013-02-16-051-Eulàlia-e1427464768211.jpg'><img width="300" height="300" src="https://esbartciutatcomtal.cat/wp-content/uploads/2015/03/2013-02-16-051-Eulàlia-e1427464768211-300x300.jpg" class="attachment-medium size-medium" alt="" loading="lazy" srcset="https://esbartciutatcomtal.cat/wp-content/uploads/2015/03/2013-02-16-051-Eulàlia-e1427464768211-300x300.jpg 300w, https://esbartciutatcomtal.cat/wp-content/uploads/2015/03/2013-02-16-051-Eulàlia-e1427464768211-150x150.jpg 150w, https://esbartciutatcomtal.cat/wp-content/uploads/2015/03/2013-02-16-051-Eulàlia-e1427464768211.jpg 534w" sizes="(max-width: 300px) 100vw, 300px" /></a></p>

2015/03/2013-02-16-051-Eulàlia-e1427464768211.jpg

2013-02-16-051-Eulàlia-e1427464768211-150x150.jpg

https://esbartciutatcomtal.cat/wp-content/uploads/2015/03/2013-02-16-051-Eulàlia-e1427464768211-150x150.jpg

2013-02-16-051-Eulàlia-e1427464768211-300x300.jpg

https://esbartciutatcomtal.cat/wp-content/uploads/2015/03/2013-02-16-051-Eulàlia-e1427464768211-300x300.jpg

2013-02-16-051-Eulàlia-e1427464768211-534x510.jpg

https://esbartciutatcomtal.cat/wp-content/uploads/2015/03/2013-02-16-051-Eulàlia-e1427464768211-534x510.jpg

2013-02-16-051-Eulàlia-e1427464768211.jpg
